{"id":4897,"date":"2024-02-20T10:24:40","date_gmt":"2024-02-20T15:24:40","guid":{"rendered":"http:\/\/www.nyjmoda.com\/?post_type=product&#038;p=4897"},"modified":"2024-02-20T10:58:26","modified_gmt":"2024-02-20T15:58:26","slug":"yur-018","status":"publish","type":"product","link":"https:\/\/www.nyjmoda.com\/?product=yur-018","title":{"rendered":"YUR-018"},"content":{"rendered":"","protected":false},"excerpt":{"rendered":"<p>CUERO Y SUELA<br \/>\nTIEMPO DE ENTREGA ENTRE 5 Y 7 D\u00cdAS H\u00c1BILES EN PER\u00da<\/p>\n<p>Condiciones:<\/p>\n<p>Pago Contra entrega solo para Lima, env\u00edos a Nivel Nacional.<\/p>\n<p>Puedes hacer tus consultas a los n\u00fameros indicados en la P\u00e1gina.<\/p>\n<p>El tiempo de entrega se considera una vez confirmado el Deposito.<\/p>\n","protected":false},"featured_media":0,"comment_status":"open","ping_status":"closed","template":"","meta":[],"product_brand":[],"product_cat":[42,123],"product_tag":[],"class_list":{"0":"post-4897","1":"product","2":"type-product","3":"status-publish","5":"product_cat-al-kids","6":"product_cat-ninos","8":"first","9":"outofstock","10":"shipping-taxable","11":"purchasable","12":"product-type-variable"},"_links":{"self":[{"href":"https:\/\/www.nyjmoda.com\/index.php?rest_route=\/wp\/v2\/product\/4897","targetHints":{"allow":["GET"]}}],"collection":[{"href":"https:\/\/www.nyjmoda.com\/index.php?rest_route=\/wp\/v2\/product"}],"about":[{"href":"https:\/\/www.nyjmoda.com\/index.php?rest_route=\/wp\/v2\/types\/product"}],"replies":[{"embeddable":true,"href":"https:\/\/www.nyjmoda.com\/index.php?rest_route=%2Fwp%2Fv2%2Fcomments&post=4897"}],"wp:attachment":[{"href":"https:\/\/www.nyjmoda.com\/index.php?rest_route=%2Fwp%2Fv2%2Fmedia&parent=4897"}],"wp:term":[{"taxonomy":"product_brand","embeddable":true,"href":"https:\/\/www.nyjmoda.com\/index.php?rest_route=%2Fwp%2Fv2%2Fproduct_brand&post=4897"},{"taxonomy":"product_cat","embeddable":true,"href":"https:\/\/www.nyjmoda.com\/index.php?rest_route=%2Fwp%2Fv2%2Fproduct_cat&post=4897"},{"taxonomy":"product_tag","embeddable":true,"href":"https:\/\/www.nyjmoda.com\/index.php?rest_route=%2Fwp%2Fv2%2Fproduct_tag&post=4897"}],"curies":[{"name":"wp","href":"https:\/\/api.w.org\/{rel}","templated":true}]}}